{"id":54,"date":"2014-03-22T15:11:30","date_gmt":"2014-03-22T15:11:30","guid":{"rendered":"http:\/\/igyapidekorasyon.com\/site\/?page_id=54"},"modified":"2025-02-21T14:21:26","modified_gmt":"2025-02-21T11:21:26","slug":"kurumsal","status":"publish","type":"page","link":"https:\/\/igyapidekorasyon.com\/site\/?page_id=54","title":{"rendered":"Kurumsal"},"content":{"rendered":"<p><a name=\"Hakkimizda\"><\/a><\/p>\n<p><img loading=\"lazy\" decoding=\"async\" class=\"alignleft wp-image-176\" src=\"https:\/\/igyapidekorasyon.com\/site\/wp-content\/uploads\/hakkimizda.jpg\" alt=\"hakkimizda\" width=\"262\" height=\"110\" \/>IG Yap\u0131 Dekorasyon olarak, in\u015faat ve i\u00e7 mekan dekorasyonunda g\u00fc\u00e7l\u00fc bir ge\u00e7mi\u015fe sahip bir firmay\u0131z. Yenilik\u00e7i yakla\u015f\u0131mlar, kaliteli i\u015f\u00e7ilik ve m\u00fc\u015fteri memnuniyetini \u00f6n planda tutarak, her projeyi kusursuz bir \u015fekilde hayata ge\u00e7iriyoruz. Y\u0131llar\u0131n deneyimiyle in\u015fa etti\u011fimiz prestijli projelerimiz, alan\u0131ndaki en y\u00fcksek standartlara ula\u015fm\u0131\u015ft\u0131r. Her ad\u0131mda g\u00fcven ve estetik sunan bir i\u015f orta\u011f\u0131 ar\u0131yorsan\u0131z, do\u011fru yerdesiniz.<\/p>\n<p>1992 y\u0131l\u0131nda in\u015faat, tadilat ve dekorasyon sekt\u00f6r\u00fcnde faaliyet g\u00f6stermeye ba\u015flayan firmam\u0131z, k\u0131sa s\u00fcrede kaliteli hizmet anlay\u0131\u015f\u0131 ve g\u00fcvenilirli\u011fi ile sekt\u00f6rde kendine sa\u011flam bir yer edinmi\u015ftir.<br \/>\n2000 y\u0131l\u0131nda, sekt\u00f6rde daha kaliteli hizmet sunabilmek amac\u0131yla faaliyet alan\u0131m\u0131z\u0131 geni\u015fleterek \u0130G Yap\u0131 \u0130n\u015faat Dekorasyon ad\u0131 alt\u0131nda hizmet vermeye devam ettik. Bu d\u00f6nemde, geni\u015f \u00fcr\u00fcn yelpazemiz ve yenilik\u00e7i \u00e7\u00f6z\u00fcmlerimizle sekt\u00f6rdeki g\u00fc\u00e7l\u00fc konumumuzu peki\u015ftirdik.<br \/>\n2012 y\u0131l\u0131nda, faaliyet alan\u0131n\u0131 daha da geni\u015fletme hedefiyle, firmam\u0131z yeni bir at\u0131l\u0131m ger\u00e7ekle\u015ftirerek \u0130G Yap\u0131 \u0130n\u015faat olarak hizmet verdi\u011fi alanda daha b\u00fcy\u00fck bir ad\u0131m att\u0131. Yeni yerimizde, \u00fcr\u00fcn portf\u00f6y\u00fcm\u00fcz\u00fc \u00e7e\u015fitlendirerek her ge\u00e7en g\u00fcn m\u00fc\u015fteri taleplerine daha uygun \u00e7\u00f6z\u00fcmler sunmaya ba\u015flad\u0131k. Yenilik\u00e7i \u00fcr\u00fcnlerimizle m\u00fc\u015fterilerimizin beklentilerini kar\u015f\u0131lamak, sekt\u00f6rdeki geli\u015fmeleri yak\u0131ndan takip ederek en kaliteli ve en g\u00fcncel \u00fcr\u00fcnleri sunmak en b\u00fcy\u00fck \u00f6nceli\u011fimiz olmu\u015ftur.<br \/>\n\u0130n\u015faat sekt\u00f6r\u00fcndeki tecr\u00fcbemizi, geni\u015f bir \u00fcr\u00fcn yelpazesi ve kaliteli i\u015f\u00e7ilikle birle\u015ftirerek, toplu konutlar, ofisler, fabrikalar ve ticari alanlar gibi farkl\u0131 projelerde hizmet vermekteyiz. Alan\u0131nda uzman, kalifiye ve deneyimli uygulama ekibimizle, her projede y\u00fcksek kaliteli i\u015f\u00e7ilik ve m\u00fc\u015fteri memnuniyeti odakl\u0131 bir yakla\u015f\u0131m sergiliyoruz.<br \/>\nFirmam\u0131z, her zaman kaliteden \u00f6d\u00fcn vermemek ve m\u00fc\u015fteri memnuniyetini \u00f6n planda tutmak ilkesini benimsemi\u015ftir. Her a\u015famada titiz \u00e7al\u0131\u015farak, projelerin her detay\u0131nda m\u00fckemmelli\u011fi hedefliyoruz. Bug\u00fcn geldi\u011fimiz noktada, sekt\u00f6rdeki g\u00fc\u00e7l\u00fc ge\u00e7mi\u015fimiz ve m\u00fc\u015fteri odakl\u0131 hizmet anlay\u0131\u015f\u0131m\u0131zla, in\u015faat ve dekorasyon alan\u0131nda g\u00fcvenilir bir \u00e7\u00f6z\u00fcm orta\u011f\u0131 olmaya devam ediyoruz.<\/p>\n<p><img loading=\"lazy\" decoding=\"async\" class=\"alignleft wp-image-175\" src=\"https:\/\/igyapidekorasyon.com\/site\/wp-content\/uploads\/vizyon.jpg\" alt=\"vizyon\" width=\"262\" height=\"110\" \/> <a name=\"Vizyonumuz\"><\/a><strong>Vizyonumuz<\/strong><br \/>\nSekt\u00f6rdeki lider konumumuzu, g\u00fcvenilirlik, \u00fcst\u00fcn i\u015f\u00e7ilik ve yenilik\u00e7i tasar\u0131mlar\u0131m\u0131zla g\u00fc\u00e7lendirmeyi hedefliyoruz. M\u00fc\u015fteri beklentilerini derinlemesine anlayarak, ihtiya\u00e7lar\u0131na \u00f6zel, y\u00fcksek kaliteli ve s\u00fcrd\u00fcr\u00fclebilir \u00e7\u00f6z\u00fcmler sunuyor; her projede estetik, i\u015flevsellik ve kaliteyi bir araya getiriyoruz.<\/p>\n<p><img loading=\"lazy\" decoding=\"async\" class=\"alignleft wp-image-174\" src=\"https:\/\/igyapidekorasyon.com\/site\/wp-content\/uploads\/misyon.jpg\" alt=\"misyon\" width=\"262\" height=\"110\" \/> <a name=\"Misyonumuz\"><\/a><strong>Misyonumuz<\/strong><br \/>\nYarat\u0131c\u0131 ve s\u00fcrd\u00fcr\u00fclebilir projelerle ya\u015fam alanlar\u0131n\u0131 d\u00f6n\u00fc\u015ft\u00fcrmek i\u00e7in, her m\u00fc\u015fterimizin ihtiya\u00e7lar\u0131na \u00f6zel, y\u00fcksek standartlarda in\u015faat ve dekorasyon hizmetleri sunuyoruz. Kalite ve esteti\u011fi \u00f6n planda tutarak, mek\u00e2nlara de\u011fer katmay\u0131 ve m\u00fc\u015fterilerimize benzersiz deneyimler ya\u015fatmay\u0131 ama\u00e7l\u0131yoruz.<\/p>\n<p><strong><img loading=\"lazy\" decoding=\"async\" class=\"alignleft wp-image-854\" src=\"https:\/\/igyapidekorasyon.com\/site\/wp-content\/uploads\/753470-scaled-e1732659693627-300x126.jpg\" alt=\"\" width=\"262\" height=\"110\" srcset=\"https:\/\/igyapidekorasyon.com\/site\/wp-content\/uploads\/753470-scaled-e1732659693627-300x126.jpg 300w, https:\/\/igyapidekorasyon.com\/site\/wp-content\/uploads\/753470-scaled-e1732659693627-1024x430.jpg 1024w, https:\/\/igyapidekorasyon.com\/site\/wp-content\/uploads\/753470-scaled-e1732659693627-768x323.jpg 768w, https:\/\/igyapidekorasyon.com\/site\/wp-content\/uploads\/753470-scaled-e1732659693627-1536x645.jpg 1536w, https:\/\/igyapidekorasyon.com\/site\/wp-content\/uploads\/753470-scaled-e1732659693627-2048x860.jpg 2048w\" sizes=\"auto, (max-width: 262px) 100vw, 262px\" \/>Do\u011faya Sayg\u0131 ve At\u0131k Y\u00f6netimi<\/strong><br \/>\nFaaliyetlerimizden kaynaklanan at\u0131klar\u0131, \u00e7evreye duyarl\u0131 y\u00f6ntemlerle y\u00f6netiyor ve geri d\u00f6n\u00fc\u015f\u00fcm s\u00fcre\u00e7lerine kazand\u0131r\u0131yoruz. Do\u011fal kaynaklar\u0131 koruma bilinciyle hareket ederek, s\u00fcrd\u00fcr\u00fclebilir bir gelecek i\u00e7in at\u0131klar\u0131m\u0131z\u0131 \u00e7evreye zarar vermeden yok ediyoruz. Bu yakla\u015f\u0131m\u0131m\u0131zla, hem do\u011fay\u0131 korumay\u0131 hem de topluma de\u011fer katmay\u0131 hedefliyoruz.<\/p>\n","protected":false},"excerpt":{"rendered":"<p>IG Yap\u0131 Dekorasyon olarak, in\u015faat ve i\u00e7 mekan dekorasyonunda g\u00fc\u00e7l\u00fc bir ge\u00e7mi\u015fe sahip bir firmay\u0131z. Yenilik\u00e7i yakla\u015f\u0131mlar, kaliteli i\u015f\u00e7ilik ve m\u00fc\u015fteri memnuniyetini \u00f6n planda tutarak, her projeyi kusursuz bir \u015fekilde [&hellip;]<\/p>\n","protected":false},"author":1,"featured_media":0,"parent":0,"menu_order":0,"comment_status":"closed","ping_status":"closed","template":"","meta":{"footnotes":""},"class_list":["post-54","page","type-page","status-publish","hentry"],"_links":{"self":[{"href":"https:\/\/igyapidekorasyon.com\/site\/index.php?rest_route=\/wp\/v2\/pages\/54","targetHints":{"allow":["GET"]}}],"collection":[{"href":"https:\/\/igyapidekorasyon.com\/site\/index.php?rest_route=\/wp\/v2\/pages"}],"about":[{"href":"https:\/\/igyapidekorasyon.com\/site\/index.php?rest_route=\/wp\/v2\/types\/page"}],"author":[{"embeddable":true,"href":"https:\/\/igyapidekorasyon.com\/site\/index.php?rest_route=\/wp\/v2\/users\/1"}],"replies":[{"embeddable":true,"href":"https:\/\/igyapidekorasyon.com\/site\/index.php?rest_route=%2Fwp%2Fv2%2Fcomments&post=54"}],"version-history":[{"count":41,"href":"https:\/\/igyapidekorasyon.com\/site\/index.php?rest_route=\/wp\/v2\/pages\/54\/revisions"}],"predecessor-version":[{"id":1133,"href":"https:\/\/igyapidekorasyon.com\/site\/index.php?rest_route=\/wp\/v2\/pages\/54\/revisions\/1133"}],"wp:attachment":[{"href":"https:\/\/igyapidekorasyon.com\/site\/index.php?rest_route=%2Fwp%2Fv2%2Fmedia&parent=54"}],"curies":[{"name":"wp","href":"https:\/\/api.w.org\/{rel}","templated":true}]}}